 j = -1 + 2. Suppose h + j = -1. What is the units digit of i(h)?
7
Let y(g) = g**2 + 8*g - 1. Let t = -9 - 0. What is the units digit of y(t)?
8
Let q = 44 + -31. What is the tens digit of q?
1
Let i = -5 - -5. Suppose -j + i*j + 9 = 0. What is the units digit of j?
9
Let a(f) = -24*f - 11. What is the hundreds digit of a(-5)?
1
Suppose -5*q - 6 - 44 = 0. Let w = -7 - q. Suppose y - w*l - 4 = -3, -2*y = l - 9. What is the units digit of y?
4
Suppose -2*z + 292 - 35 = 3*x, 0 = -3*z + x + 380. What is the hundreds digit of z?
1
Let i be 0 + -6*16/(-12). Let z = 18 + i. What is the units digit of z?
6
What is the units digit of 32/40*(-345)/(-6)?
6
Let f(b) = b**3 + 8*b**2 + 2*b - 10. What is the tens digit of f(-7)?
2
What is the units digit of 3/7 - 11/(-7)?
2
Let g be 2*(-3)/6 + 3. Suppose u - 2*j = 41, -45 = -g*u - 2*j + 25. What is the tens digit of u?
3
Suppose 2*t = -3*t. Let j(m) = -m + 2. Let c be j(t). Suppose -32 = -c*s - 10. What is the tens digit of s?
1
Suppose 5*y - 1 = -p - 0, 0 = 3*y + 2*p + 5. Let s be 2 + ((-2)/(-1) - -4). Let c = s - y. What is the units digit of c?
7
Let k(d) = d**3 - 7*d**2 + 15*d - 1. What is the tens digit of k(6)?
5
Let z = 43 - 39. Suppose -3 = 8*p - 5*p. Let k = p + z. What is the units digit of k?
3
Let z = 55 - -212. What is the hundreds digit of z?
2
What is the tens digit of (-58)/(-1 - 0 - 1)?
2
What is the units digit of (24/10)/((-9)/(-60))?
6
Let o(y) = -3*y + y**2 + 1 + 0*y - 3. Let u be o(4). Let p = u + -1. What is the units digit of p?
1
Suppose 5*q = 8*q - 174. What is the units digit of q?
8
Suppose -18*d + 2889 = -9*d. What is the tens digit of d?
2
Let k(o) = -20*o - 38. Let x(i) = -7*i - 13. Let p(w) = -6*k(w) + 17*x(w). What is the units digit of p(6)?
3
What is the units digit of (-6 + 4)*(-10)/4?
5
Suppose -5*m - 1 = -6. Let t = 0 + m. What is the units digit of (-51)/(-12) + t/(-4)?
4
Let q be (-4)/(-2) + (-6 - -56). What is the tens digit of 4/8*q*1?
2
Let q(y) = -3 + 4 + 0*y**2 - 4*y**2 - 4*y**2. Let f be q(1). Let p = 15 + f. What is the units digit of p?
8
Suppose 0 = 5*n - 8 - 32. What is the units digit of n?
8
Let t = 50 - -40. What is the units digit of t?
0
What is the tens digit of 0/10 - (2 - 112)?
1
Suppose 3*q + i = -4*i - 10, 2*q = 4*i + 30. Suppose -q*p + 27 = -2*p. What is the units digit of p?
9
Let k(f) = -f. Let v(x) be the second derivative of -x**5/20 + x**4/2 + 11*x**3/6 - 4*x**2 + 2*x. Let m(n) = -4*k(n) - v(n). What is the units digit of m(7)?
8
What is the tens digit of 74/2*(-12)/(-12)?
3
Suppose 0 = -5*d - 0*d + 140. Suppose 5 + d = 3*t. What is the units digit of t?
1
Let i(z) = z**2 - 8*z + 4. Let g be i(8). Suppose -l - 94 = -6*l - g*v, -2*l + 34 = -2*v. What is the units digit of l?
8
Let g = 69 + -38. What is the tens digit of g?
3
What is the units digit of (-2)/((48/(-100))/6)?
5
Let f be (4/(-3))/(-1)*3. Suppose -3*v = -2*z - 10, 3*z = f*v - z - 12. Suppose -v = -2*h - 2. What is the units digit of h?
1
Let n = 7 - 5. Suppose -5*a = -4*t + 3, -3*a - n*a = -2*t - 1. Let s = 3 - t. What is the units digit of s?
1
Let x be 1/(52/12 - 4). What is the units digit of 7 - -1 - (-1 - x)?
2
Suppose 0 = -r - t + 4 - 3, 5*r = -3*t + 7. Suppose g = -2*g + r*q - 160, 0 = 4*g - 2*q + 210. What is the units digit of g/(-8) - 3/12?
6
Let o = -12 + 20. Suppose -n = -5*y - 21, y - 5*n + 8 = -n. What is the units digit of (-5)/y + (-2)/o?
1
Suppose -84 + 4 = -3*n + 4*y, 4*n = 5*y + 108. What is the units digit of n?
2
Let h = 64 - -142. What is the units digit of h?
6
Let i = -110 + 229. What is the tens digit of i?
1
Suppose -4*n + 2*n + 10 = 0. Let z = -36 - -32. Let u = z + n. What is the units digit of u?
1
Suppose -3*w - 5 = -u, 2*u + 7 = u - w. Let d(s) = 3*s - 3. Let k(c) = -4*c + 4. Let g(a) = -7*d(a) - 5*k(a). What is the units digit of g(u)?
5
Suppose -4*p + q + 43 = 0, -3*q + 36 = 2*p + p. Let d = 18 - p. What is the units digit of d?
7
Let x(i) = -6*i**3 - 4*i**2 - 3*i - 6. What is the hundreds digit of x(-3)?
1
Let g be ((-1)/2)/(8/(-704)). Let x = g - 21. What is the tens digit of x?
2
Let q(w) = 4*w - 10. Let v be q(3). Suppose 0 = -3*o + 9, -5*o + 3*o = -v*n. What is the units digit of n?
3
Let w = 57 + -26. What is the tens digit of w?
3
Let v(k) = -k**3 + 9*k**2 + 10*k + 1. Let n be v(10). Suppose -5*f + n = z - 8, -f = 2. What is the units digit of z?
9
Let m(k) be the second derivative of -k**5/20 + 7*k**4/12 - 2*k**3/3 - 5*k**2/2 - 2*k. Let c be m(6). Let w(i) = i + 1. What is the units digit of w(c)?
8
Suppose 5*r - m - 8 = 7, 0 = -2*r + 2*m + 14. Suppose r*v = 2*t, 0*v + 10 = 5*v - 3*t. What is the units digit of v?
5
Let f(u) = -u**2 - 5*u + 28. What is the tens digit of f(-7)?
1
Suppose 0 = -5*o + 15, 2*o + 969 = -3*j - 3*o. What is the units digit of (-4)/(-14) + j/(-28)?
2
Let d(a) = -5*a**2 - 4*a - 3. Let n be d(-2). Let p = -1 - n. What is the tens digit of p?
1
Suppose -x = 4*r - r - 6, 3*r - 18 = -5*x. Suppose 0 = x*h - 5*h + 24. What is the tens digit of h?
1
Suppose -4*m + 3*t = -28, -4*t = -4*m - 23 + 55. What is the units digit of m?
4
Let c(l) = -l**2 - 13*l - 12. What is the tens digit of c(-8)?
2
What is the tens digit of (-3 + 10)*52/14?
2
Let p = -98 + 210. What is the tens digit of p?
1
Let l = -3 + 3. Let c(a) = a**3 - a**2 + a + 3. Let h be c(l). Suppose -i - 2*i = -2*n - 21, -19 = -2*i + h*n. What is the units digit of i?
5
Let j be 0/(-2 + 6 + -2). Suppose -4*x = -5*t - 43, -t + j*t - 3 = 0. What is the units digit of x?
7
Let o be 2*(-1)/(3/(-6)). Let t = 1 - o. What is the units digit of (-4)/(2*t/9)?
6
Let l(u) = -u**2 + 5*u + 1. Let a(k) = k**2 - 4*k. Let m(n) = 6*a(n) + 5*l(n). Let z be m(0). Let j = z - -5. What is the tens digit of j?
1
Suppose 5*b + 2*d - 58 = d, 3*d - 53 = -4*b. Let f(m) = -3*m**2 + 13 - m**3 - 6*m**2 - m**2 + b*m. What is the units digit of f(-11)?
3
Suppose 0 = -2*z - 0 + 12. Let u = z - 5. Let s = u + 3. What is the units digit of s?
4
Let j = 28 + 16. What is the tens digit of j?
4
Let t be -61*(-2 + (3 - 2)). Let o = -36 + t. What is the tens digit of o?
2
Let v(o) = -3*o**2 + 4*o + 34. Let f(t) = t**2 - t - 11. Let l(w) = 7*f(w) + 2*v(w). Let s be l(0). What is the tens digit of 3/(-1)*-1 - s?
1
Suppose -1740 = -5*v + 4*n, v - 6*v = n - 1740. What is the units digit of v?
8
Suppose 2 + 1 = b, 4*q + 7 = b. Let f be q*3/6*4. What is the units digit of f*(-2 + (-1)/(-2))?
3
Let n = 2 + -3. Let o(j) = -4*j**3 + j**2 + j. Let v be o(n). Suppose -16 - v = -4*u. What is the units digit of u?
5
Let d(i) = -i**3 - i**2 + 2. Let l be d(-2). Let o(z) be the second derivative of -z**5/20 + 7*z**4/12 - z**3/6 - 4*z**2 + z. What is the tens digit of o(l)?
2
Let j(g) = 7*g**2. Let x = 5 - 1. Suppose -8 = -f + 3*z, -x*f + 8*z - 3*z + 11 = 0. What is the units digit of j(f)?
7
Let t = 303 - 179. What is the hundreds digit of t?
1
Let i = 51 - -37. What is the units digit of i?
8
Suppose k = -4*n + 28, -2*n = -5*n + 15. Let j = -41 + k. Let r = -16 - j. What is the tens digit of r?
1
Let m = 123 - 81. What is the units digit of m?
2
Suppose 2*r - 3*r - 7 = 4*h, 0 = r + 2*h + 7. What is the tens digit of 41/1 + (-4 - r)?
4
Let s(c) = -c**2 + 8*c - 10. Let u be s(7). Suppose -4*x + 7*x = -21. What is the units digit of ((-6)/x)/(u/(-21))?
6
Suppose 3*s = -5*h + 31, s - 4*h - 9 = 24. What is the tens digit of s?
1
Let n(u) = 110*u**2 - 2*u + 1. What is the tens digit of n(-2)?
4
Let k(z) = -5*z + 3. Let w be k(2). Let a be (-54)/w + (-4)/(-14). Let v = a - 5. What is the units digit of v?
3
Let q(y) = 12*y. Let u be q(1). What is the units digit of 27 + 2 + u/(-4)?
6
Let y(i) = -i**3 - 6*i**2 - 4*i + 7. What is the units digit of y(-6)?
1
Suppose o + k + 14 - 2 = 0, 4*o + 5*k + 51 = 0. What is the units digit of 1/(-2) - o/6?
1
Let j(s) = s**2 - 9*s + 6. Let v be j(6). What is the units digit of ((-30)/v)/(2/20)?
5
Let w(t) = 3*t**3 - 5*t**2 + 9*t + 2. What is the tens digit of w(3)?
6
Let p(z) = -z - 4 + 1 + 0*z + 4. What is the units digit of p(-8)?
9
Let p = 1 - -5. Let f(n) = n**3 - 4*n**2 - 7*n - 3. What is the tens digit of f(p)?
2
Let p be (-12)/(-2 + -2) + -2. Let c = -2 + 4. Let u = c - p. What is the units digit of u?
1
Let t(p) = p**3 + 12*p**2 - p + 7. Let h be t(-12). What is the units digit o